{"id":432,"date":"2024-12-23T10:09:34","date_gmt":"2024-12-23T10:09:34","guid":{"rendered":"https:\/\/roth-moos.de\/?page_id=432"},"modified":"2025-12-12T08:28:08","modified_gmt":"2025-12-12T08:28:08","slug":"team","status":"publish","type":"page","link":"https:\/\/roth-moos.de\/index.php\/team\/","title":{"rendered":"Team"},"content":{"rendered":"\t\t<div data-elementor-type=\"wp-page\" data-elementor-id=\"432\" class=\"elementor elementor-432\" data-elementor-post-type=\"page\">\n\t\t\t\t<div class=\"elementor-element elementor-element-332360ba e-con-full e-flex wpr-particle-no wpr-jarallax-no wpr-parallax-no wpr-sticky-section-no wpr-equal-height-no e-con e-parent\" data-id=\"332360ba\" data-element_type=\"container\" data-e-type=\"container\" data-settings=\"{&quot;background_background&quot;:&quot;classic&quot;}\">\n\t\t<div class=\"elementor-element elementor-element-2898c6fd e-con-full e-flex wpr-particle-no wpr-jarallax-no wpr-parallax-no wpr-sticky-section-no wpr-equal-height-no elementor-invisible e-con e-child\" data-id=\"2898c6fd\" data-element_type=\"container\" data-e-type=\"container\" data-settings=\"{&quot;animation&quot;:&quot;fadeInDown&quot;}\">\n\t\t\t\t<div class=\"elementor-element elementor-element-819bd8c elementor-widget elementor-widget-heading\" data-id=\"819bd8c\" data-element_type=\"widget\" data-e-type=\"widget\" data-widget_type=\"heading.default\">\n\t\t\t\t<div class=\"elementor-widget-container\">\n\t\t\t\t\t<h1 class=\"elementor-heading-title elementor-size-default\">Team<\/h1>\t\t\t\t<\/div>\n\t\t\t\t<\/div>\n\t\t\t\t<\/div>\n\t\t\t\t<\/div>\n\t\t<div class=\"elementor-element elementor-element-16912ccb e-flex e-con-boxed wpr-particle-no wpr-jarallax-no wpr-parallax-no wpr-sticky-section-no wpr-equal-height-no e-con e-parent\" data-id=\"16912ccb\" data-element_type=\"container\" data-e-type=\"container\" data-settings=\"{&quot;background_background&quot;:&quot;classic&quot;}\">\n\t\t\t\t\t<div class=\"e-con-inner\">\n\t\t<div class=\"elementor-element elementor-element-df772b5 e-con-full e-flex wpr-particle-no wpr-jarallax-no wpr-parallax-no wpr-sticky-section-no wpr-equal-height-no e-con e-child\" data-id=\"df772b5\" data-element_type=\"container\" data-e-type=\"container\">\n\t\t\t\t<div class=\"elementor-element elementor-element-4dc39d1 elementor-widget-tablet__width-initial elementor-widget-mobile__width-inherit elementor-widget__width-initial elementor-position-top elementor-widget elementor-widget-image-box\" data-id=\"4dc39d1\" data-element_type=\"widget\" data-e-type=\"widget\" data-widget_type=\"image-box.default\">\n\t\t\t\t<div class=\"elementor-widget-container\">\n\t\t\t\t\t<div class=\"elementor-image-box-wrapper\"><figure class=\"elementor-image-box-img\"><img fetchpriority=\"high\" decoding=\"async\" width=\"850\" height=\"567\" src=\"https:\/\/roth-moos.de\/wp-content\/uploads\/2025\/11\/schirff_elvira.png\" class=\"elementor-animation-grow attachment-full size-full wp-image-769\" alt=\"\" srcset=\"https:\/\/roth-moos.de\/wp-content\/uploads\/2025\/11\/schirff_elvira.png 850w, https:\/\/roth-moos.de\/wp-content\/uploads\/2025\/11\/schirff_elvira-300x200.png 300w, https:\/\/roth-moos.de\/wp-content\/uploads\/2025\/11\/schirff_elvira-768x512.png 768w\" sizes=\"(max-width: 850px) 100vw, 850px\" \/><\/figure><div class=\"elementor-image-box-content\"><h4 class=\"elementor-image-box-title\">Elvira Schirpf<\/h4><p class=\"elementor-image-box-description\">B\u00fcroleitung und<br \/>\ngute Seele des Betriebs<\/p><\/div><\/div>\t\t\t\t<\/div>\n\t\t\t\t<\/div>\n\t\t\t\t<div class=\"elementor-element elementor-element-7a365c8 elementor-widget-tablet__width-initial elementor-widget-mobile__width-inherit elementor-widget__width-initial elementor-position-top elementor-widget elementor-widget-image-box\" data-id=\"7a365c8\" data-element_type=\"widget\" data-e-type=\"widget\" data-widget_type=\"image-box.default\">\n\t\t\t\t<div class=\"elementor-widget-container\">\n\t\t\t\t\t<div class=\"elementor-image-box-wrapper\"><figure class=\"elementor-image-box-img\"><img decoding=\"async\" width=\"850\" height=\"567\" src=\"https:\/\/roth-moos.de\/wp-content\/uploads\/2025\/11\/schirpf_alexander.png\" class=\"elementor-animation-grow attachment-full size-full wp-image-774\" alt=\"\" srcset=\"https:\/\/roth-moos.de\/wp-content\/uploads\/2025\/11\/schirpf_alexander.png 850w, https:\/\/roth-moos.de\/wp-content\/uploads\/2025\/11\/schirpf_alexander-300x200.png 300w, https:\/\/roth-moos.de\/wp-content\/uploads\/2025\/11\/schirpf_alexander-768x512.png 768w\" sizes=\"(max-width: 850px) 100vw, 850px\" \/><\/figure><div class=\"elementor-image-box-content\"><h4 class=\"elementor-image-box-title\">Alexander Schirpf<\/h4><p class=\"elementor-image-box-description\">Inhaber<br \/>\nStaatlich gepr\u00fcfter Techniker Heizung, L\u00fcftung, Klima<\/p><\/div><\/div>\t\t\t\t<\/div>\n\t\t\t\t<\/div>\n\t\t\t\t<div class=\"elementor-element elementor-element-5252b17 elementor-widget-tablet__width-initial elementor-widget-mobile__width-inherit elementor-widget__width-initial elementor-position-top elementor-widget elementor-widget-image-box\" data-id=\"5252b17\" data-element_type=\"widget\" data-e-type=\"widget\" data-widget_type=\"image-box.default\">\n\t\t\t\t<div class=\"elementor-widget-container\">\n\t\t\t\t\t<div class=\"elementor-image-box-wrapper\"><figure class=\"elementor-image-box-img\"><img decoding=\"async\" width=\"850\" height=\"567\" src=\"https:\/\/roth-moos.de\/wp-content\/uploads\/2025\/11\/welte_siegfried.png\" class=\"elementor-animation-grow attachment-full size-full wp-image-767\" alt=\"\" srcset=\"https:\/\/roth-moos.de\/wp-content\/uploads\/2025\/11\/welte_siegfried.png 850w, https:\/\/roth-moos.de\/wp-content\/uploads\/2025\/11\/welte_siegfried-300x200.png 300w, https:\/\/roth-moos.de\/wp-content\/uploads\/2025\/11\/welte_siegfried-768x512.png 768w\" sizes=\"(max-width: 850px) 100vw, 850px\" \/><\/figure><div class=\"elementor-image-box-content\"><h4 class=\"elementor-image-box-title\">Siegfried Welte<\/h4><p class=\"elementor-image-box-description\">Sanit\u00e4rmeister und<br \/>\nBlechguru<\/p><\/div><\/div>\t\t\t\t<\/div>\n\t\t\t\t<\/div>\n\t\t\t\t<div class=\"elementor-element elementor-element-c3064cf elementor-widget-tablet__width-initial elementor-widget-mobile__width-inherit elementor-widget__width-initial elementor-position-top elementor-widget elementor-widget-image-box\" data-id=\"c3064cf\" data-element_type=\"widget\" data-e-type=\"widget\" data-widget_type=\"image-box.default\">\n\t\t\t\t<div class=\"elementor-widget-container\">\n\t\t\t\t\t<div class=\"elementor-image-box-wrapper\"><figure class=\"elementor-image-box-img\"><img loading=\"lazy\" decoding=\"async\" width=\"850\" height=\"567\" src=\"https:\/\/roth-moos.de\/wp-content\/uploads\/2025\/11\/heider_ralf.png\" class=\"elementor-animation-grow attachment-full size-full wp-image-773\" alt=\"\" srcset=\"https:\/\/roth-moos.de\/wp-content\/uploads\/2025\/11\/heider_ralf.png 850w, https:\/\/roth-moos.de\/wp-content\/uploads\/2025\/11\/heider_ralf-300x200.png 300w, https:\/\/roth-moos.de\/wp-content\/uploads\/2025\/11\/heider_ralf-768x512.png 768w\" sizes=\"(max-width: 850px) 100vw, 850px\" \/><\/figure><div class=\"elementor-image-box-content\"><h4 class=\"elementor-image-box-title\">Ralf Heider<\/h4><p class=\"elementor-image-box-description\">Gelernter Gas- und Wasserinstalateur<br \/>\nGeselle, Obermonteur <\/p><\/div><\/div>\t\t\t\t<\/div>\n\t\t\t\t<\/div>\n\t\t\t\t<div class=\"elementor-element elementor-element-04e965e elementor-widget-tablet__width-initial elementor-widget-mobile__width-inherit elementor-widget__width-initial elementor-position-top elementor-widget elementor-widget-image-box\" data-id=\"04e965e\" data-element_type=\"widget\" data-e-type=\"widget\" data-widget_type=\"image-box.default\">\n\t\t\t\t<div class=\"elementor-widget-container\">\n\t\t\t\t\t<div class=\"elementor-image-box-wrapper\"><figure class=\"elementor-image-box-img\"><img loading=\"lazy\" decoding=\"async\" width=\"850\" height=\"567\" src=\"https:\/\/roth-moos.de\/wp-content\/uploads\/2025\/11\/walentin_michael.png\" class=\"elementor-animation-grow attachment-full size-full wp-image-771\" alt=\"\" srcset=\"https:\/\/roth-moos.de\/wp-content\/uploads\/2025\/11\/walentin_michael.png 850w, https:\/\/roth-moos.de\/wp-content\/uploads\/2025\/11\/walentin_michael-300x200.png 300w, https:\/\/roth-moos.de\/wp-content\/uploads\/2025\/11\/walentin_michael-768x512.png 768w\" sizes=\"(max-width: 850px) 100vw, 850px\" \/><\/figure><div class=\"elementor-image-box-content\"><h4 class=\"elementor-image-box-title\">Michael Walentin<\/h4><p class=\"elementor-image-box-description\">Gelernter Zentralheizungs- und<br \/> L\u00fcftungsbauer\nGeselle, Obermonteur <\/p><\/div><\/div>\t\t\t\t<\/div>\n\t\t\t\t<\/div>\n\t\t\t\t<div class=\"elementor-element elementor-element-068d764 elementor-widget-tablet__width-initial elementor-widget-mobile__width-inherit elementor-widget__width-initial elementor-position-top elementor-widget elementor-widget-image-box\" data-id=\"068d764\" data-element_type=\"widget\" data-e-type=\"widget\" data-widget_type=\"image-box.default\">\n\t\t\t\t<div class=\"elementor-widget-container\">\n\t\t\t\t\t<div class=\"elementor-image-box-wrapper\"><figure class=\"elementor-image-box-img\"><img loading=\"lazy\" decoding=\"async\" width=\"850\" height=\"567\" src=\"https:\/\/roth-moos.de\/wp-content\/uploads\/2025\/11\/schirpf_felix.png\" class=\"elementor-animation-grow attachment-full size-full wp-image-775\" alt=\"\" srcset=\"https:\/\/roth-moos.de\/wp-content\/uploads\/2025\/11\/schirpf_felix.png 850w, https:\/\/roth-moos.de\/wp-content\/uploads\/2025\/11\/schirpf_felix-300x200.png 300w, https:\/\/roth-moos.de\/wp-content\/uploads\/2025\/11\/schirpf_felix-768x512.png 768w\" sizes=\"(max-width: 850px) 100vw, 850px\" \/><\/figure><div class=\"elementor-image-box-content\"><h4 class=\"elementor-image-box-title\">Felix Schirpf<\/h4><p class=\"elementor-image-box-description\">Gelernter Anlagenmechaniker,<br \/> Kundendienstmonteur <\/p><\/div><\/div>\t\t\t\t<\/div>\n\t\t\t\t<\/div>\n\t\t\t\t<div class=\"elementor-element elementor-element-9a7456b elementor-widget-tablet__width-initial elementor-widget-mobile__width-inherit elementor-widget__width-initial elementor-position-top elementor-widget elementor-widget-image-box\" data-id=\"9a7456b\" data-element_type=\"widget\" data-e-type=\"widget\" data-widget_type=\"image-box.default\">\n\t\t\t\t<div class=\"elementor-widget-container\">\n\t\t\t\t\t<div class=\"elementor-image-box-wrapper\"><figure class=\"elementor-image-box-img\"><img loading=\"lazy\" decoding=\"async\" width=\"850\" height=\"567\" src=\"https:\/\/roth-moos.de\/wp-content\/uploads\/2025\/11\/soler_esma.png\" class=\"elementor-animation-grow attachment-full size-full wp-image-772\" alt=\"\" srcset=\"https:\/\/roth-moos.de\/wp-content\/uploads\/2025\/11\/soler_esma.png 850w, https:\/\/roth-moos.de\/wp-content\/uploads\/2025\/11\/soler_esma-300x200.png 300w, https:\/\/roth-moos.de\/wp-content\/uploads\/2025\/11\/soler_esma-768x512.png 768w\" sizes=\"(max-width: 850px) 100vw, 850px\" \/><\/figure><div class=\"elementor-image-box-content\"><h4 class=\"elementor-image-box-title\">Esma Soler<\/h4><p class=\"elementor-image-box-description\">Auszubildende Anlagenmechanikerin,<br \/> im 2. Lehrjahr<\/p><\/div><\/div>\t\t\t\t<\/div>\n\t\t\t\t<\/div>\n\t\t\t\t<div class=\"elementor-element elementor-element-87f24a2 elementor-widget-tablet__width-initial elementor-widget-mobile__width-inherit elementor-widget__width-initial elementor-position-top elementor-widget elementor-widget-image-box\" data-id=\"87f24a2\" data-element_type=\"widget\" data-e-type=\"widget\" data-widget_type=\"image-box.default\">\n\t\t\t\t<div class=\"elementor-widget-container\">\n\t\t\t\t\t<div class=\"elementor-image-box-wrapper\"><figure class=\"elementor-image-box-img\"><a href=\"https:\/\/roth-moos.de\/index.php\/stellenangebote\/\" tabindex=\"-1\"><img loading=\"lazy\" decoding=\"async\" width=\"850\" height=\"567\" src=\"https:\/\/roth-moos.de\/wp-content\/uploads\/2025\/11\/blanko.png\" class=\"elementor-animation-grow attachment-full size-full wp-image-779\" alt=\"\" srcset=\"https:\/\/roth-moos.de\/wp-content\/uploads\/2025\/11\/blanko.png 850w, https:\/\/roth-moos.de\/wp-content\/uploads\/2025\/11\/blanko-300x200.png 300w, https:\/\/roth-moos.de\/wp-content\/uploads\/2025\/11\/blanko-768x512.png 768w\" sizes=\"(max-width: 850px) 100vw, 850px\" \/><\/a><\/figure><div class=\"elementor-image-box-content\"><h4 class=\"elementor-image-box-title\"><a href=\"https:\/\/roth-moos.de\/index.php\/stellenangebote\/\">Hier k\u00f6nnte<\/br> ihr Name stehen<\/a><\/h4><p class=\"elementor-image-box-description\">&gt; aktuelle Stellenangebote<\/p><\/div><\/div>\t\t\t\t<\/div>\n\t\t\t\t<\/div>\n\t\t\t\t<\/div>\n\t\t\t\t\t<\/div>\n\t\t\t\t<\/div>\n\t\t\t\t<\/div>\n\t\t","protected":false},"excerpt":{"rendered":"<p>Team Elvira Schirpf B\u00fcroleitung und gute Seele des Betriebs Alexander Schirpf Inhaber Staatlich gepr\u00fcfter Techniker Heizung, L\u00fcftung, Klima Siegfried Welte Sanit\u00e4rmeister und Blechguru Ralf Heider Gelernter Gas- und Wasserinstalateur Geselle, Obermonteur Michael Walentin Gelernter Zentralheizungs- und L\u00fcftungsbauer Geselle, Obermonteur Felix Schirpf Gelernter Anlagenmechaniker, Kundendienstmonteur Esma Soler Auszubildende Anlagenmechanikerin, im 2. Lehrjahr Hier k\u00f6nnte ihr Name stehen &gt; aktuelle Stellenangebote<\/p>\n","protected":false},"author":1,"featured_media":0,"parent":0,"menu_order":0,"comment_status":"closed","ping_status":"closed","template":"elementor_theme","meta":{"footnotes":""},"class_list":["post-432","page","type-page","status-publish","hentry"],"yoast_head":"<!-- This site is optimized with the Yoast SEO plugin v27.4 - https:\/\/yoast.com\/product\/yoast-seo-wordpress\/ -->\n<title>Team - Roth<\/title>\n<meta name=\"robots\" content=\"index, follow, max-snippet:-1, max-image-preview:large, max-video-preview:-1\" \/>\n<link rel=\"canonical\" href=\"https:\/\/roth-moos.de\/index.php\/team\/\" \/>\n<meta property=\"og:locale\" content=\"de_DE\" \/>\n<meta property=\"og:type\" content=\"article\" \/>\n<meta property=\"og:title\" content=\"Team - Roth\" \/>\n<meta property=\"og:description\" content=\"Team Elvira Schirpf B\u00fcroleitung und gute Seele des Betriebs Alexander Schirpf Inhaber Staatlich gepr\u00fcfter Techniker Heizung, L\u00fcftung, Klima Siegfried Welte Sanit\u00e4rmeister und Blechguru Ralf Heider Gelernter Gas- und Wasserinstalateur Geselle, Obermonteur Michael Walentin Gelernter Zentralheizungs- und L\u00fcftungsbauer Geselle, Obermonteur Felix Schirpf Gelernter Anlagenmechaniker, Kundendienstmonteur Esma Soler Auszubildende Anlagenmechanikerin, im 2. Lehrjahr Hier k\u00f6nnte ihr Name stehen &gt; aktuelle Stellenangebote\" \/>\n<meta property=\"og:url\" content=\"https:\/\/roth-moos.de\/index.php\/team\/\" \/>\n<meta property=\"og:site_name\" content=\"Roth\" \/>\n<meta property=\"article:modified_time\" content=\"2025-12-12T08:28:08+00:00\" \/>\n<meta property=\"og:image\" content=\"https:\/\/roth-moos.de\/wp-content\/uploads\/2025\/11\/schirff_elvira.png\" \/>\n\t<meta property=\"og:image:width\" content=\"850\" \/>\n\t<meta property=\"og:image:height\" content=\"567\" \/>\n\t<meta property=\"og:image:type\" content=\"image\/png\" \/>\n<meta name=\"twitter:card\" content=\"summary_large_image\" \/>\n<meta name=\"twitter:label1\" content=\"Gesch\u00e4tzte Lesezeit\" \/>\n\t<meta name=\"twitter:data1\" content=\"2\u00a0Minuten\" \/>\n<script type=\"application\/ld+json\" class=\"yoast-schema-graph\">{\"@context\":\"https:\\\/\\\/schema.org\",\"@graph\":[{\"@type\":\"WebPage\",\"@id\":\"https:\\\/\\\/roth-moos.de\\\/index.php\\\/team\\\/\",\"url\":\"https:\\\/\\\/roth-moos.de\\\/index.php\\\/team\\\/\",\"name\":\"Team - Roth\",\"isPartOf\":{\"@id\":\"https:\\\/\\\/roth-moos.de\\\/#website\"},\"primaryImageOfPage\":{\"@id\":\"https:\\\/\\\/roth-moos.de\\\/index.php\\\/team\\\/#primaryimage\"},\"image\":{\"@id\":\"https:\\\/\\\/roth-moos.de\\\/index.php\\\/team\\\/#primaryimage\"},\"thumbnailUrl\":\"https:\\\/\\\/roth-moos.de\\\/wp-content\\\/uploads\\\/2025\\\/11\\\/schirff_elvira.png\",\"datePublished\":\"2024-12-23T10:09:34+00:00\",\"dateModified\":\"2025-12-12T08:28:08+00:00\",\"breadcrumb\":{\"@id\":\"https:\\\/\\\/roth-moos.de\\\/index.php\\\/team\\\/#breadcrumb\"},\"inLanguage\":\"de\",\"potentialAction\":[{\"@type\":\"ReadAction\",\"target\":[\"https:\\\/\\\/roth-moos.de\\\/index.php\\\/team\\\/\"]}]},{\"@type\":\"ImageObject\",\"inLanguage\":\"de\",\"@id\":\"https:\\\/\\\/roth-moos.de\\\/index.php\\\/team\\\/#primaryimage\",\"url\":\"https:\\\/\\\/roth-moos.de\\\/wp-content\\\/uploads\\\/2025\\\/11\\\/schirff_elvira.png\",\"contentUrl\":\"https:\\\/\\\/roth-moos.de\\\/wp-content\\\/uploads\\\/2025\\\/11\\\/schirff_elvira.png\",\"width\":850,\"height\":567},{\"@type\":\"BreadcrumbList\",\"@id\":\"https:\\\/\\\/roth-moos.de\\\/index.php\\\/team\\\/#breadcrumb\",\"itemListElement\":[{\"@type\":\"ListItem\",\"position\":1,\"name\":\"Startseite\",\"item\":\"https:\\\/\\\/roth-moos.de\\\/\"},{\"@type\":\"ListItem\",\"position\":2,\"name\":\"Team\"}]},{\"@type\":\"WebSite\",\"@id\":\"https:\\\/\\\/roth-moos.de\\\/#website\",\"url\":\"https:\\\/\\\/roth-moos.de\\\/\",\"name\":\"Roth\",\"description\":\"\",\"potentialAction\":[{\"@type\":\"SearchAction\",\"target\":{\"@type\":\"EntryPoint\",\"urlTemplate\":\"https:\\\/\\\/roth-moos.de\\\/?s={search_term_string}\"},\"query-input\":{\"@type\":\"PropertyValueSpecification\",\"valueRequired\":true,\"valueName\":\"search_term_string\"}}],\"inLanguage\":\"de\"}]}<\/script>\n<!-- \/ Yoast SEO plugin. -->","yoast_head_json":{"title":"Team - Roth","robots":{"index":"index","follow":"follow","max-snippet":"max-snippet:-1","max-image-preview":"max-image-preview:large","max-video-preview":"max-video-preview:-1"},"canonical":"https:\/\/roth-moos.de\/index.php\/team\/","og_locale":"de_DE","og_type":"article","og_title":"Team - Roth","og_description":"Team Elvira Schirpf B\u00fcroleitung und gute Seele des Betriebs Alexander Schirpf Inhaber Staatlich gepr\u00fcfter Techniker Heizung, L\u00fcftung, Klima Siegfried Welte Sanit\u00e4rmeister und Blechguru Ralf Heider Gelernter Gas- und Wasserinstalateur Geselle, Obermonteur Michael Walentin Gelernter Zentralheizungs- und L\u00fcftungsbauer Geselle, Obermonteur Felix Schirpf Gelernter Anlagenmechaniker, Kundendienstmonteur Esma Soler Auszubildende Anlagenmechanikerin, im 2. Lehrjahr Hier k\u00f6nnte ihr Name stehen &gt; aktuelle Stellenangebote","og_url":"https:\/\/roth-moos.de\/index.php\/team\/","og_site_name":"Roth","article_modified_time":"2025-12-12T08:28:08+00:00","og_image":[{"width":850,"height":567,"url":"https:\/\/roth-moos.de\/wp-content\/uploads\/2025\/11\/schirff_elvira.png","type":"image\/png"}],"twitter_card":"summary_large_image","twitter_misc":{"Gesch\u00e4tzte Lesezeit":"2\u00a0Minuten"},"schema":{"@context":"https:\/\/schema.org","@graph":[{"@type":"WebPage","@id":"https:\/\/roth-moos.de\/index.php\/team\/","url":"https:\/\/roth-moos.de\/index.php\/team\/","name":"Team - Roth","isPartOf":{"@id":"https:\/\/roth-moos.de\/#website"},"primaryImageOfPage":{"@id":"https:\/\/roth-moos.de\/index.php\/team\/#primaryimage"},"image":{"@id":"https:\/\/roth-moos.de\/index.php\/team\/#primaryimage"},"thumbnailUrl":"https:\/\/roth-moos.de\/wp-content\/uploads\/2025\/11\/schirff_elvira.png","datePublished":"2024-12-23T10:09:34+00:00","dateModified":"2025-12-12T08:28:08+00:00","breadcrumb":{"@id":"https:\/\/roth-moos.de\/index.php\/team\/#breadcrumb"},"inLanguage":"de","potentialAction":[{"@type":"ReadAction","target":["https:\/\/roth-moos.de\/index.php\/team\/"]}]},{"@type":"ImageObject","inLanguage":"de","@id":"https:\/\/roth-moos.de\/index.php\/team\/#primaryimage","url":"https:\/\/roth-moos.de\/wp-content\/uploads\/2025\/11\/schirff_elvira.png","contentUrl":"https:\/\/roth-moos.de\/wp-content\/uploads\/2025\/11\/schirff_elvira.png","width":850,"height":567},{"@type":"BreadcrumbList","@id":"https:\/\/roth-moos.de\/index.php\/team\/#breadcrumb","itemListElement":[{"@type":"ListItem","position":1,"name":"Startseite","item":"https:\/\/roth-moos.de\/"},{"@type":"ListItem","position":2,"name":"Team"}]},{"@type":"WebSite","@id":"https:\/\/roth-moos.de\/#website","url":"https:\/\/roth-moos.de\/","name":"Roth","description":"","potentialAction":[{"@type":"SearchAction","target":{"@type":"EntryPoint","urlTemplate":"https:\/\/roth-moos.de\/?s={search_term_string}"},"query-input":{"@type":"PropertyValueSpecification","valueRequired":true,"valueName":"search_term_string"}}],"inLanguage":"de"}]}},"_links":{"self":[{"href":"https:\/\/roth-moos.de\/index.php\/wp-json\/wp\/v2\/pages\/432","targetHints":{"allow":["GET"]}}],"collection":[{"href":"https:\/\/roth-moos.de\/index.php\/wp-json\/wp\/v2\/pages"}],"about":[{"href":"https:\/\/roth-moos.de\/index.php\/wp-json\/wp\/v2\/types\/page"}],"author":[{"embeddable":true,"href":"https:\/\/roth-moos.de\/index.php\/wp-json\/wp\/v2\/users\/1"}],"replies":[{"embeddable":true,"href":"https:\/\/roth-moos.de\/index.php\/wp-json\/wp\/v2\/comments?post=432"}],"version-history":[{"count":67,"href":"https:\/\/roth-moos.de\/index.php\/wp-json\/wp\/v2\/pages\/432\/revisions"}],"predecessor-version":[{"id":817,"href":"https:\/\/roth-moos.de\/index.php\/wp-json\/wp\/v2\/pages\/432\/revisions\/817"}],"wp:attachment":[{"href":"https:\/\/roth-moos.de\/index.php\/wp-json\/wp\/v2\/media?parent=432"}],"curies":[{"name":"wp","href":"https:\/\/api.w.org\/{rel}","templated":true}]}}